[INFO] fetching crate forky_core 0.1.10...
[INFO] checking forky_core-0.1.10 against master#9610dfe5a9a731ced1ea4923ecbd0c57fe367898 for beta-170-4
[INFO] extracting crate forky_core 0.1.10 into /workspace/builds/worker-1-tc1/source
[INFO] validating manifest of crates.io crate forky_core 0.1.10 on toolchain 9610dfe5a9a731ced1ea4923ecbd0c57fe367898
[INFO] running `Command { std: CARGO_HOME="/workspace/cargo-home" RUSTUP_HOME="/workspace/rustup-home" "/workspace/cargo-home/bin/cargo" "+9610dfe5a9a731ced1ea4923ecbd0c57fe367898" "metadata" "--manifest-path" "Cargo.toml" "--no-deps", kill_on_drop: false }`
[INFO] started tweaking crates.io crate forky_core 0.1.10
[INFO] removed 0 missing tests
[INFO] finished tweaking crates.io crate forky_core 0.1.10
[INFO] tweaked toml for crates.io crate forky_core 0.1.10 written to /workspace/builds/worker-1-tc1/source/Cargo.toml
[INFO] crate crates.io crate forky_core 0.1.10 already has a lockfile, it will not be regenerated
[INFO] running `Command { std: CARGO_HOME="/workspace/cargo-home" RUSTUP_HOME="/workspace/rustup-home" "/workspace/cargo-home/bin/cargo" "+9610dfe5a9a731ced1ea4923ecbd0c57fe367898" "fetch" "--manifest-path" "Cargo.toml", kill_on_drop: false }`
[INFO] [stderr]     Updating crates.io index
[INFO] [stderr]  Downloading crates ...
[INFO] [stderr]   Downloaded errno v0.3.1
[INFO] [stderr]   Downloaded filedescriptor v0.8.2
[INFO] [stderr]   Downloaded ghost v0.1.9
[INFO] [stderr]   Downloaded thiserror v1.0.40
[INFO] [stderr]   Downloaded parking_lot_core v0.9.7
[INFO] [stderr]   Downloaded signal-hook-registry v1.4.1
[INFO] [stderr]   Downloaded crossterm_winapi v0.9.0
[INFO] [stderr]   Downloaded gag v1.0.0
[INFO] [stderr]   Downloaded sweet v0.1.9
[INFO] [stderr]   Downloaded ctor v0.2.0
[INFO] [stderr]   Downloaded thiserror-impl v1.0.40
[INFO] [stderr]   Downloaded rustix v0.37.11
[INFO] [stderr]   Downloaded rustc-demangle v0.1.22
[INFO] [stderr]   Downloaded windows-targets v0.48.0
[INFO] [stderr]   Downloaded windows-targets v0.42.2
[INFO] [stderr]   Downloaded tempfile v3.5.0
[INFO] [stderr]   Downloaded colorize v0.1.0
[INFO] [stderr]   Downloaded crossterm v0.25.0
[INFO] [stderr]   Downloaded extend v1.2.0
[INFO] [stderr]   Downloaded mio v0.8.6
[INFO] [stderr]   Downloaded inventory v0.3.5
[INFO] [stderr]   Downloaded forky_core v0.1.9
[INFO] [stderr]   Downloaded parking_lot v0.12.1
[INFO] [stderr]   Downloaded redox_syscall v0.3.5
[INFO] [stderr]   Downloaded signal-hook v0.3.15
[INFO] [stderr]   Downloaded syn v2.0.15
[INFO] [stderr]   Downloaded io-lifetimes v1.0.10
[INFO] [stderr]   Downloaded forky_test v0.1.9
[INFO] [stderr]   Downloaded windows_x86_64_gnullvm v0.42.2
[INFO] [stderr]   Downloaded windows_aarch64_gnullvm v0.42.2
[INFO] [stderr]   Downloaded windows_aarch64_gnullvm v0.48.0
[INFO] [stderr]   Downloaded windows_x86_64_gnullvm v0.48.0
[INFO] [stderr]   Downloaded windows_x86_64_gnu v0.42.2
[INFO] [stderr]   Downloaded windows_i686_msvc v0.48.0
[INFO] [stderr]   Downloaded windows_i686_gnu v0.42.2
[INFO] [stderr]   Downloaded windows_i686_gnu v0.48.0
[INFO] [stderr]   Downloaded linux-raw-sys v0.3.1
[INFO] [stderr]   Downloaded windows_aarch64_msvc v0.48.0
[INFO] [stderr]   Downloaded windows_x86_64_gnu v0.48.0
[INFO] [stderr]   Downloaded libc v0.2.141
[INFO] [stderr]   Downloaded windows_aarch64_msvc v0.42.2
[INFO] [stderr]   Downloaded windows-sys v0.48.0
[INFO] [stderr]   Downloaded windows_x86_64_msvc v0.48.0
[INFO] [stderr]   Downloaded windows_x86_64_msvc v0.42.2
[INFO] [stderr]   Downloaded windows_i686_msvc v0.42.2
[INFO] running `Command { std: "docker" "create" "-v" "/var/lib/crater-agent-workspace/builds/worker-1-tc1/target:/opt/rustwide/target:rw,Z" "-v" "/var/lib/crater-agent-workspace/builds/worker-1-tc1/source:/opt/rustwide/workdir:ro,Z" "-v" "/var/lib/crater-agent-workspace/cargo-home:/opt/rustwide/cargo-home:ro,Z" "-v" "/var/lib/crater-agent-workspace/rustup-home:/opt/rustwide/rustup-home:ro,Z" "-e" "SOURCE_DIR=/opt/rustwide/workdir" "-e" "CARGO_TARGET_DIR=/opt/rustwide/target" "-e" "CARGO_HOME=/opt/rustwide/cargo-home" "-e" "RUSTUP_HOME=/opt/rustwide/rustup-home" "-w" "/opt/rustwide/workdir" "-m" "1610612736" "--user" "0:0" "--network" "none" "ghcr.io/rust-lang/crates-build-env/linux@sha256:19e73879b68f455e41552ea35293514db52ea292d993f571636dbffedb77a1ee" "/opt/rustwide/cargo-home/bin/cargo" "+9610dfe5a9a731ced1ea4923ecbd0c57fe367898" "metadata" "--no-deps" "--format-version=1", kill_on_drop: false }`
[INFO] [stdout] ef7283a601910345cc0b37fc3e9630c0651bbac657385d2f7b028e77a7db46dc
[INFO] running `Command { std: "docker" "start" "-a" "ef7283a601910345cc0b37fc3e9630c0651bbac657385d2f7b028e77a7db46dc", kill_on_drop: false }`
[INFO] running `Command { std: "docker" "inspect" "ef7283a601910345cc0b37fc3e9630c0651bbac657385d2f7b028e77a7db46dc", kill_on_drop: false }`
[INFO] running `Command { std: "docker" "rm" "-f" "ef7283a601910345cc0b37fc3e9630c0651bbac657385d2f7b028e77a7db46dc", kill_on_drop: false }`
[INFO] [stdout] ef7283a601910345cc0b37fc3e9630c0651bbac657385d2f7b028e77a7db46dc
[INFO] running `Command { std: "docker" "create" "-v" "/var/lib/crater-agent-workspace/builds/worker-1-tc1/target:/opt/rustwide/target:rw,Z" "-v" "/var/lib/crater-agent-workspace/builds/worker-1-tc1/source:/opt/rustwide/workdir:ro,Z" "-v" "/var/lib/crater-agent-workspace/cargo-home:/opt/rustwide/cargo-home:ro,Z" "-v" "/var/lib/crater-agent-workspace/rustup-home:/opt/rustwide/rustup-home:ro,Z" "-e" "SOURCE_DIR=/opt/rustwide/workdir" "-e" "CARGO_TARGET_DIR=/opt/rustwide/target" "-e" "CARGO_INCREMENTAL=0" "-e" "RUST_BACKTRACE=full" "-e" "RUSTFLAGS=--cap-lints=forbid" "-e" "RUSTDOCFLAGS=--cap-lints=forbid" "-e" "CARGO_HOME=/opt/rustwide/cargo-home" "-e" "RUSTUP_HOME=/opt/rustwide/rustup-home" "-w" "/opt/rustwide/workdir" "-m" "1610612736" "--user" "0:0" "--network" "none" "ghcr.io/rust-lang/crates-build-env/linux@sha256:19e73879b68f455e41552ea35293514db52ea292d993f571636dbffedb77a1ee" "/opt/rustwide/cargo-home/bin/cargo" "+9610dfe5a9a731ced1ea4923ecbd0c57fe367898" "check" "--frozen" "--all" "--all-targets" "--message-format=json", kill_on_drop: false }`
[INFO] [stdout] 9e033bde96f140d9289fdd01ed228255b65991512d79c24495ddda3b35d8ff3d
[INFO] running `Command { std: "docker" "start" "-a" "9e033bde96f140d9289fdd01ed228255b65991512d79c24495ddda3b35d8ff3d", kill_on_drop: false }`
[INFO] [stderr]    Compiling libc v0.2.141
[INFO] [stderr]    Compiling syn v2.0.15
[INFO] [stderr]     Checking getrandom v0.2.9
[INFO] [stderr]     Checking rand_core v0.6.4
[INFO] [stderr]     Checking rand_chacha v0.3.1
[INFO] [stderr]     Checking rand v0.8.5
[INFO] [stderr]    Compiling extend v1.2.0
[INFO] [stderr]     Checking forky_core v0.1.10 (/opt/rustwide/workdir)
[INFO] [stdout] error[E0432]: unresolved import `sweet`
[INFO] [stdout]  --> test/sweet.rs:2:9
[INFO] [stdout]   |
[INFO] [stdout] 2 | pub use sweet::*;
[INFO] [stdout]   |         ^^^^^ use of undeclared crate or module `sweet`
[INFO] [stdout] 
[INFO] [stdout] 
[INFO] [stdout] error[E0432]: unresolved import `sweet`
[INFO] [stdout]  --> test/extensions/int_x.rs:2:5
[INFO] [stdout]   |
[INFO] [stdout] 2 | use sweet::*;
[INFO] [stdout]   |     ^^^^^ use of undeclared crate or module `sweet`
[INFO] [stdout] 
[INFO] [stdout] 
[INFO] [stdout] error[E0432]: unresolved import `sweet`
[INFO] [stdout]  --> test/extensions/str_x.rs:2:5
[INFO] [stdout]   |
[INFO] [stdout] 2 | use sweet::*;
[INFO] [stdout]   |     ^^^^^ use of undeclared crate or module `sweet`
[INFO] [stdout] 
[INFO] [stdout] 
[INFO] [stdout] error[E0432]: unresolved import `sweet`
[INFO] [stdout]  --> test/extensions/vec.rs:2:5
[INFO] [stdout]   |
[INFO] [stdout] 2 | use sweet::*;
[INFO] [stdout]   |     ^^^^^ use of undeclared crate or module `sweet`
[INFO] [stdout] 
[INFO] [stdout] 
[INFO] [stdout] error[E0432]: unresolved import `sweet`
[INFO] [stdout]  --> test/graph/graph.rs:2:5
[INFO] [stdout]   |
[INFO] [stdout] 2 | use sweet::*;
[INFO] [stdout]   |     ^^^^^ use of undeclared crate or module `sweet`
[INFO] [stdout] 
[INFO] [stdout] 
[INFO] [stdout] error[E0432]: unresolved import `sweet`
[INFO] [stdout]  --> test/math/constants.rs:3:5
[INFO] [stdout]   |
[INFO] [stdout] 3 | use sweet::*;
[INFO] [stdout]   |     ^^^^^ use of undeclared crate or module `sweet`
[INFO] [stdout] 
[INFO] [stdout] 
[INFO] [stdout] error[E0432]: unresolved import `sweet`
[INFO] [stdout]  --> test/misc/macros.rs:2:5
[INFO] [stdout]   |
[INFO] [stdout] 2 | use sweet::*;
[INFO] [stdout]   |     ^^^^^ use of undeclared crate or module `sweet`
[INFO] [stdout] 
[INFO] [stdout] 
[INFO] [stdout] error[E0432]: unresolved import `sweet`
[INFO] [stdout]  --> test/pointers/threads.rs:5:5
[INFO] [stdout]   |
[INFO] [stdout] 5 | use sweet::*;
[INFO] [stdout]   |     ^^^^^ use of undeclared crate or module `sweet`
[INFO] [stdout] 
[INFO] [stdout] 
[INFO] [stdout] error: cannot find macro `sweet` in this scope
[INFO] [stdout]  --> test/pointers/threads.rs:7:1
[INFO] [stdout]   |
[INFO] [stdout] 7 | sweet! {
[INFO] [stdout]   | ^^^^^
[INFO] [stdout] 
[INFO] [stdout] 
[INFO] [stdout] error: cannot find macro `sweet` in this scope
[INFO] [stdout]  --> test/misc/macros.rs:5:1
[INFO] [stdout]   |
[INFO] [stdout] 5 | sweet! {
[INFO] [stdout]   | ^^^^^
[INFO] [stdout] 
[INFO] [stdout] 
[INFO] [stdout] error: cannot find macro `sweet` in this scope
[INFO] [stdout]  --> test/math/constants.rs:5:1
[INFO] [stdout]   |
[INFO] [stdout] 5 | sweet! {
[INFO] [stdout]   | ^^^^^
[INFO] [stdout] 
[INFO] [stdout] 
[INFO] [stdout] error: cannot find macro `sweet` in this scope
[INFO] [stdout]  --> test/graph/graph.rs:4:1
[INFO] [stdout]   |
[INFO] [stdout] 4 | sweet! {
[INFO] [stdout]   | ^^^^^
[INFO] [stdout] 
[INFO] [stdout] 
[INFO] [stdout] error: cannot find macro `sweet` in this scope
[INFO] [stdout]  --> test/extensions/vec.rs:4:1
[INFO] [stdout]   |
[INFO] [stdout] 4 | sweet! {
[INFO] [stdout]   | ^^^^^
[INFO] [stdout] 
[INFO] [stdout] 
[INFO] [stdout] error: cannot find macro `sweet` in this scope
[INFO] [stdout]  --> test/extensions/str_x.rs:4:1
[INFO] [stdout]   |
[INFO] [stdout] 4 | sweet! {
[INFO] [stdout]   | ^^^^^
[INFO] [stdout] 
[INFO] [stdout] 
[INFO] [stdout] error: cannot find macro `sweet` in this scope
[INFO] [stdout]  --> test/extensions/int_x.rs:4:1
[INFO] [stdout]   |
[INFO] [stdout] 4 | sweet! {
[INFO] [stdout]   | ^^^^^
[INFO] [stdout] 
[INFO] [stdout] 
[INFO] [stdout] warning: unused import: `forky_core::*`
[INFO] [stdout]  --> test/extensions/int_x.rs:1:5
[INFO] [stdout]   |
[INFO] [stdout] 1 | use forky_core::*;
[INFO] [stdout]   |     ^^^^^^^^^^^^^
[INFO] [stdout]   |
[INFO] [stdout]   = note: `#[warn(unused_imports)]` on by default
[INFO] [stdout] 
[INFO] [stdout] 
[INFO] [stdout] warning: unused import: `forky_core::*`
[INFO] [stdout]  --> test/extensions/str_x.rs:1:5
[INFO] [stdout]   |
[INFO] [stdout] 1 | use forky_core::*;
[INFO] [stdout]   |     ^^^^^^^^^^^^^
[INFO] [stdout] 
[INFO] [stdout] 
[INFO] [stdout] warning: unused import: `forky_core::*`
[INFO] [stdout]  --> test/extensions/vec.rs:1:5
[INFO] [stdout]   |
[INFO] [stdout] 1 | use forky_core::*;
[INFO] [stdout]   |     ^^^^^^^^^^^^^
[INFO] [stdout] 
[INFO] [stdout] 
[INFO] [stdout] warning: unused imports: `*`, `graph::*`
[INFO] [stdout]  --> test/graph/graph.rs:1:18
[INFO] [stdout]   |
[INFO] [stdout] 1 | use forky_core::{graph::*, *};
[INFO] [stdout]   |                  ^^^^^^^^  ^
[INFO] [stdout] 
[INFO] [stdout] 
[INFO] [stdout] warning: unused import: `forky_core::math::*`
[INFO] [stdout]  --> test/math/constants.rs:1:5
[INFO] [stdout]   |
[INFO] [stdout] 1 | use forky_core::math::*;
[INFO] [stdout]   |     ^^^^^^^^^^^^^^^^^^^
[INFO] [stdout] 
[INFO] [stdout] 
[INFO] [stdout] warning: unused imports: `PI`, `TAU as FTAU`
[INFO] [stdout]  --> test/math/constants.rs:2:24
[INFO] [stdout]   |
[INFO] [stdout] 2 | use std::f32::consts::{PI, TAU as FTAU};
[INFO] [stdout]   |                        ^^  ^^^^^^^^^^^
[INFO] [stdout] 
[INFO] [stdout] 
[INFO] [stdout] warning: unused import: `forky_core::*`
[INFO] [stdout]  --> test/misc/macros.rs:1:5
[INFO] [stdout]   |
[INFO] [stdout] 1 | use forky_core::*;
[INFO] [stdout]   |     ^^^^^^^^^^^^^
[INFO] [stdout] 
[INFO] [stdout] 
[INFO] [stdout] warning: unused import: `forky_core::*`
[INFO] [stdout]  --> test/pointers/threads.rs:1:5
[INFO] [stdout]   |
[INFO] [stdout] 1 | use forky_core::*;
[INFO] [stdout]   |     ^^^^^^^^^^^^^
[INFO] [stdout] 
[INFO] [stdout] 
[INFO] [stdout] warning: unused imports: `Arc`, `Mutex`
[INFO] [stdout]  --> test/pointers/threads.rs:3:17
[INFO] [stdout]   |
[INFO] [stdout] 3 | use std::sync::{Arc, Mutex};
[INFO] [stdout]   |                 ^^^  ^^^^^
[INFO] [stdout] 
[INFO] [stdout] 
[INFO] [stdout] warning: unused import: `std::thread`
[INFO] [stdout]  --> test/pointers/threads.rs:4:5
[INFO] [stdout]   |
[INFO] [stdout] 4 | use std::thread;
[INFO] [stdout]   |     ^^^^^^^^^^^
[INFO] [stdout] 
[INFO] [stdout] 
[INFO] [stdout] error[E0601]: `main` function not found in crate `sweet`
[INFO] [stdout]  --> test/sweet.rs:7:14
[INFO] [stdout]   |
[INFO] [stdout] 7 | mod pointers;
[INFO] [stdout]   |              ^ consider adding a `main` function to `test/sweet.rs`
[INFO] [stdout] 
[INFO] [stdout] 
[INFO] [stdout] error: aborting due to 16 previous errors; 10 warnings emitted
[INFO] [stdout] 
[INFO] [stdout] 
[INFO] [stdout] Some errors have detailed explanations: E0432, E0601.
[INFO] [stdout] 
[INFO] [stdout] For more information about an error, try `rustc --explain E0432`.
[INFO] [stdout] 
[INFO] [stderr] error: could not compile `forky_core` (test "sweet") due to 17 previous errors; 10 warnings emitted
[INFO] running `Command { std: "docker" "inspect" "9e033bde96f140d9289fdd01ed228255b65991512d79c24495ddda3b35d8ff3d", kill_on_drop: false }`
[INFO] running `Command { std: "docker" "rm" "-f" "9e033bde96f140d9289fdd01ed228255b65991512d79c24495ddda3b35d8ff3d", kill_on_drop: false }`
[INFO] [stdout] 9e033bde96f140d9289fdd01ed228255b65991512d79c24495ddda3b35d8ff3d
